{"id":72,"date":"2022-09-05T10:26:04","date_gmt":"2022-09-05T08:26:04","guid":{"rendered":"http:\/\/ragdolls-rasephas.de\/?page_id=72"},"modified":"2022-09-06T08:36:50","modified_gmt":"2022-09-06T06:36:50","slug":"impressum","status":"publish","type":"page","link":"https:\/\/ragdolls-rasephas.de\/?page_id=72","title":{"rendered":"Impressum"},"content":{"rendered":"<p>Jacqueline Kampers<br \/>\nBauernweg 2<br \/>\nD \u2013 04600\u00a0 Altenburg<\/p>\n<p>Funk:\u00a0 \u00a0\u00a0 0176-83951886<\/p>\n<p>E-Mail: info@ragdolls-rasephas.de<\/p>\n<p>Webdesigner: Klaus Gottesmann<\/p>\n<p>Alle Texte, Bilder und Video`s\u00a0 unterliegen dem Urheberrecht.\u00a0 Downloads und Kopien dieser Seite sind f\u00fcr den privaten und kommerziellen Gebrauch nicht gestattet.<\/p>\n<p>Haftungshinweis: Die auf unseren Internetseiten enthaltenen Informationen und Angaben wurden sorgf\u00e4ltig gepr\u00fcft.<br \/>\nDies ist ein Service, ersetzt aber eine individuelle und pers\u00f6nliche Beratung nicht.<br \/>\nWenn Sie weitere Daten und Informationen w\u00fcnschen, nehmen Sie bitte Kontakt mit den genannten Verantwortlichen auf.<br \/>\nAlle Rechte vorbehalten.<\/p>\n<p>F\u00fcr die Richtigkeit und Vollst\u00e4ndigkeit der Angaben wird keine Gew\u00e4hr \u00fcbernommen. Kopien d\u00fcrfen nur nach vorheriger schriftlicher Zustimmung des Anbieters erfolgen.<br \/>\nDasselbe gilt f\u00fcr die Inhalte Dritter, die \u00fcber diese Seiten zug\u00e4nglich sind. In keinem Fall wird f\u00fcr eventuelle Sch\u00e4den, die sich aus der Verwendung der vorgefundenen Informationen ergeben k\u00f6nnten,\u00a0eine Haftung \u00fcbernommen. F\u00fcr technische Fragen stehen wir gern zur Verf\u00fcgung. Wir weisen ausdr\u00fccklich darauf hin, dass alle Links, die sich in einem neuen Browserfenster \u00f6ffnen, nicht mehr zu unserem Internetseitenumfang geh\u00f6ren. F\u00fcr diese Inhalte sind die jeweiligen Anbieter verantwortlich. Wir \u00fcbernehmen dazu keine Haftung.<\/p>\n","protected":false},"excerpt":{"rendered":"<p>Jacqueline Kampers Bauernweg 2 D \u2013 04600\u00a0 Altenburg Funk:\u00a0 \u00a0\u00a0 0176-83951886 E-Mail: info@ragdolls-rasephas.de Webdesigner: Klaus Gottesmann Alle Texte, Bilder und Video`s\u00a0 unterliegen dem Urheberrecht.\u00a0 Downloads und Kopien dieser Seite sind f\u00fcr den privaten und kommerziellen Gebrauch nicht gestattet. Haftungshinweis: Die auf unseren Internetseiten enthaltenen Informationen und Angaben wurden sorgf\u00e4ltig gepr\u00fcft. Dies ist ein Service, ersetzt [&hellip;]<\/p>\n","protected":false},"author":1,"featured_media":0,"parent":0,"menu_order":0,"comment_status":"closed","ping_status":"closed","template":"","meta":{"footnotes":""},"class_list":["post-72","page","type-page","status-publish","hentry"],"_links":{"self":[{"href":"https:\/\/ragdolls-rasephas.de\/index.php?rest_route=\/wp\/v2\/pages\/72","targetHints":{"allow":["GET"]}}],"collection":[{"href":"https:\/\/ragdolls-rasephas.de\/index.php?rest_route=\/wp\/v2\/pages"}],"about":[{"href":"https:\/\/ragdolls-rasephas.de\/index.php?rest_route=\/wp\/v2\/types\/page"}],"author":[{"embeddable":true,"href":"https:\/\/ragdolls-rasephas.de\/index.php?rest_route=\/wp\/v2\/users\/1"}],"replies":[{"embeddable":true,"href":"https:\/\/ragdolls-rasephas.de\/index.php?rest_route=%2Fwp%2Fv2%2Fcomments&post=72"}],"version-history":[{"count":1,"href":"https:\/\/ragdolls-rasephas.de\/index.php?rest_route=\/wp\/v2\/pages\/72\/revisions"}],"predecessor-version":[{"id":73,"href":"https:\/\/ragdolls-rasephas.de\/index.php?rest_route=\/wp\/v2\/pages\/72\/revisions\/73"}],"wp:attachment":[{"href":"https:\/\/ragdolls-rasephas.de\/index.php?rest_route=%2Fwp%2Fv2%2Fmedia&parent=72"}],"curies":[{"name":"wp","href":"https:\/\/api.w.org\/{rel}","templated":true}]}}